
What are the prime factors of 115354?
2, 137, 421
List the prime factors of 157149.
3, 19, 919
What are the prime factors of 4677828?
2, 3, 389819
What are the prime factors of 2903141?
17, 170773
What are the prime factors of 466272?
2, 3, 1619
What are the prime factors of 385151?
13, 43, 53
What are the prime factors of 2084205?
3, 5, 19, 71, 103
What are the prime factors of 246200?
2, 5, 1231
What are the prime factors of 12497943?
3, 127, 32803
List the prime factors of 499135.
5, 7, 13, 1097
List the prime factors of 1876136.
2, 19, 12343
What are the prime factors of 191326?
2, 271, 353
List the prime factors of 907540.
2, 5, 45377
What are the prime factors of 428500?
2, 5, 857
What are the prime factors of 36312?
2, 3, 17, 89
What are the prime factors of 13779470?
2, 5, 53, 25999
What are the prime factors of 19091?
17, 1123
List the prime factors of 14156727.
3, 13, 29, 12517
List the prime factors of 1783542.
2, 3, 297257
List the prime factors of 14342818.
2, 7, 431, 2377
List the prime factors of 10756127.
317, 33931
What are the prime factors of 35771979?
3, 53, 157, 1433
List the prime factors of 125713.
7, 17959
List the prime factors of 24389394.
2, 3, 4064899
What are the prime factors of 7352210?
2, 5, 47, 15643
List the prime factors of 10003343.
7, 101, 14149
List the prime factors of 1248948.
2, 3, 34693
List the prime factors of 25544454.
2, 3, 13, 327493
List the prime factors of 299028.
2, 3, 24919
What are the prime factors of 2142967?
2142967
What are the prime factors of 40944741?
3, 13648247
List the prime factors of 20361045.
3, 5, 29, 46807
What are the prime factors of 434463?
3, 97, 1493
List the prime factors of 7727324.
2, 11, 175621
List the prime factors of 64187.
64187
What are the prime factors of 321931?
23, 13997
List the prime factors of 702023.
7, 14327
What are the prime factors of 10770?
2, 3, 5, 359
What are the prime factors of 1386482?
2, 151, 4591
List the prime factors of 2146307.
2146307
What are the prime factors of 738449?
53, 13933
What are the prime factors of 43790?
2, 5, 29, 151
What are the prime factors of 19308044?
2, 7, 97, 7109
What are the prime factors of 2154785?
5, 430957
What are the prime factors of 672074?
2, 13, 25849
What are the prime factors of 3531738?
2, 3, 7, 84089
What are the prime factors of 15992884?
2, 3998221
What are the prime factors of 930497?
877, 1061
List the prime factors of 459283.
11, 43, 971
List the prime factors of 1177148.
2, 7, 17, 2473
What are the prime factors of 1449819?
3, 7, 2557
What are the prime factors of 583278?
2, 3, 97213
List the prime factors of 7272256.
2, 199, 571
What are the prime factors of 225615?
3, 5, 13, 89
What are the prime factors of 1864343?
13, 61, 2351
What are the prime factors of 219927?
3, 73309
What are the prime factors of 255194?
2, 127597
What are the prime factors of 725509?
17, 42677
List the prime factors of 6709156.
2, 47, 127, 281
What are the prime factors of 19995663?
3, 2221, 3001
List the prime factors of 41208.
2, 3, 17, 101
What are the prime factors of 3595504?
2, 11, 31, 659
List the prime factors of 233385.
3, 5, 15559
What are the prime factors of 4177077?
3, 797, 1747
What are the prime factors of 31934444?
2, 7983611
What are the prime factors of 3229802?
2, 67, 24103
List the prime factors of 427410.
2, 3, 5, 1583
What are the prime factors of 15756318?
2, 3, 43, 20357
List the prime factors of 8840.
2, 5, 13, 17
List the prime factors of 1242780.
2, 3, 5, 7, 11, 269
What are the prime factors of 2640370?
2, 5, 229, 1153
What are the prime factors of 179716?
2, 179, 251
List the prime factors of 38751091.
38751091
List the prime factors of 23134457.
19, 271, 4493
List the prime factors of 8007813.
3, 11, 47, 1721
List the prime factors of 1560138.
2, 3, 260023
What are the prime factors of 6481912?
2, 810239
What are the prime factors of 255572?
2, 181, 353
List the prime factors of 206511.
3, 19, 3623
What are the prime factors of 183291?
3, 107, 571
What are the prime factors of 32035482?
2, 3, 19, 47, 1993
List the prime factors of 1949417.
1949417
What are the prime factors of 115783?
115783
List the prime factors of 37045.
5, 31, 239
List the prime factors of 443475.
3, 5, 73
What are the prime factors of 9888063?
3, 3296021
List the prime factors of 471595.
5, 257, 367
List the prime factors of 145699.
367, 397
List the prime factors of 12045205.
5, 31, 77711
What are the prime factors of 14868485?
5, 173, 17189
What are the prime factors of 1390090?
2, 5, 13, 17, 37
What are the prime factors of 344882?
2, 172441
What are the prime factors of 17943852?
2, 3, 1495321
What are the prime factors of 23822839?
23822839
List the prime factors of 15092028.
2, 3, 7, 19963
List the prime factors of 326641.
7, 46663
What are the prime factors of 213549?
3, 7, 10169
What are the prime factors of 660952?
2, 82619
List the prime factors of 413610.
2, 3, 5, 17, 811
List the prime factors of 298281.
3, 19, 5233
What are the prime factors of 553701?
3, 184567
List the prime factors of 3025763.
13, 232751
List the prime factors of 2558110.
2, 5, 491, 521
List the prime factors of 334162.
2, 167081
List the prime factors of 58221.
3, 6469
What are the prime factors of 2217570?
2, 3, 5, 193, 383
List the prime factors of 14822972.
2, 1559, 2377
List the prime factors of 15684963.
3, 7, 746903
List the prime factors of 11134525.
5, 257, 1733
List the prime factors of 1611150.
2, 3, 5, 23, 467
What are the prime factors of 1465767?
3, 23, 73, 97
What are the prime factors of 386614?
2, 17, 83, 137
What are the prime factors of 7973013?
3, 2657671
What are the prime factors of 15318350?
2, 5, 306367
List the prime factors of 1664021.
1664021
List the prime factors of 3972194.
2, 1986097
What are the prime factors of 6547498?
2, 199, 16451
What are the prime factors of 1199669?
31, 38699
What are the prime factors of 1957870?
2, 5, 195787
List the prime factors of 157318.
2, 7, 17, 661
List the prime factors of 2138633.
7, 193, 1583
What are the prime factors of 571126?
2, 29, 43, 229
List the prime factors of 263743.
97, 2719
What are the prime factors of 4387155?
3, 5, 292477
List the prime factors of 734684.
2, 61, 3011
What are the prime factors of 295642?
2, 23, 6427
What are the prime factors of 295734?
2, 3, 23, 2143
What are the prime factors of 467999?
7, 9551
What are the prime factors of 937600?
2, 5, 293
List the prime factors of 31318.
2, 7, 2237
List the prime factors of 10412100.
2, 3, 5, 23, 503
List the prime factors of 333302.
2, 17, 9803
What are the prime factors of 131995?
5, 26399
What are the prime factors of 29578?
2, 23, 643
What are the prime factors of 2061038?
2, 7, 21031
What are the prime factors of 3157755?
3, 5, 131, 1607
List the prime factors of 3047870.
2, 5, 7, 43541
List the prime factors of 16553257.
7, 17, 113, 1231
List the prime factors of 111413.
43, 2591
List the prime factors of 189561.
3, 179, 353
What are the prime factors of 51595?
5, 17, 607
List the prime factors of 3438388.
2, 71, 12107
What are the prime factors of 6934270?
2, 5, 7, 23, 59, 73
List the prime factors of 7150534.
2, 883, 4049
What are the prime factors of 672025?
5, 26881
What are the prime factors of 319860?
2, 3, 5, 1777
What are the prime factors of 519811?
127, 4093
List the prime factors of 415435.
5, 19, 4373
List the prime factors of 1328740.
2, 5, 7, 9491
What are the prime factors of 7008103?
7008103
List the prime factors of 9282419.
9282419
List the prime factors of 4677473.
4677473
List the prime factors of 1968168.
2, 3, 82007
What are the prime factors of 487808?
2, 37, 103
List the prime factors of 1525821.
3, 11, 46237
List the prime factors of 226457.
7, 11, 17, 173
What are the prime factors of 1440824?
2, 7, 11, 2339
What are the prime factors of 465657?
3, 155219
What are the prime factors of 50474?
2, 25237
List the prime factors of 491303.
23, 41, 521
List the prime factors of 10578183.
3, 7, 11, 23, 181
What are the prime factors of 1634617?
61, 127, 211
List the prime factors of 10759669.
10759669
List the prime factors of 450653.
7, 17, 541
List the prime factors of 34223156.
2, 11, 70709
List the prime factors of 5498665.
5, 151, 7283
List the prime factors of 58